 Determine v(0).
-4393
Let w(h) = -945*h**2 + 42528*h - 151. What is w(45)?
-16
Let q(c) = c**2 + 4894*c - 132878. Calculate q(27).
-11
Let r(b) = -212*b - 1681. Determine r(-1).
-1469
Let o(z) = 14041*z + 477411. Give o(-34).
17
Let y(m) = -9033*m - 72260. Calculate y(-8).
4
Let h(w) = 409*w**2 - 1274*w - 1442. Determine h(4).
6
Let v(w) = -100*w**3 - 704*w**2 - 32*w - 5. What is v(-7)?
23
Let h(u) = 32*u**2 + 13*u + 95. What is h(0)?
95
Let g(c) = 52*c**2 - 632*c + 145. What is g(12)?
49
Let h(i) = i**3 - 135*i**2 - 518*i + 14328. Calculate h(138).
-24
Let w(p) = -475*p + 7064. Determine w(15).
-61
Let w(z) = 3*z**3 - 39*z**2 + 37*z - 71. Give w(15).
1834
Let x(j) = -j**2 - 515*j - 6032. Determine x(-12).
4
Let a(k) = -3*k**3 + 50*k**2 - 952*k + 16331. Give a(17).
-142
Let h(m) = -m**2 - 1629693*m - 6518756. Calculate h(-4).
0
Let a(y) = y**3 + 611*y**2 - 1232*y - 3688. What is a(-613)?
-10
Let f(g) = -g**3 + 22*g**2 + 36*g - 158. Determine f(23).
141
Let d(s) = 2100*s**2 - 41985*s - 310. Determine d(20).
-10
Let j(a) = -158*a - 42446. What is j(-268)?
-102
Let w(i) = -7*i**3 + 27*i**2 + 116*i - 102. Give w(-9).
6144
Let s(u) = -5706*u - 582008. What is s(-102)?
4
Let h(n) = -n**2 - 729*n + 90518. Calculate h(107).
1066
Let x(f) = 26*f**2 - 6166*f + 172. What is x(237)?
-776
Let t(o) = -88017*o + 88020. Calculate t(1).
3
Let y(w) = 15876*w + 302034. Calculate y(-19).
390
Let w(o) = 3*o**2 - 747*o - 13553. Determine w(-17).
13
Let u(z) = -351*z - 64920. What is u(-185)?
15
Let u(f) = -121*f**2 - 15119*f + 15119. What is u(1)?
-121
Let t(w) = 61042*w + 3113088. Give t(-51).
-54
Let i(h) = -10733*h + 21481. What is i(2)?
15
Let d(o) = 198*o**2 + 6559*o + 45784. Determine d(-10).
-6
Let u(c) = c**3 - 64*c**2 + 497*c - 793. Give u(6).
101
Let d(g) = 41*g**2 - 12888*g + 4485. Determine d(314).
89
Let a(y) = y**3 + 157*y**2 + 613*y - 1803. Give a(-153).
-1956
Let y(x) = -6*x**3 - 38*x**2 + 29*x - 32. What is y(-7)?
-39
Let v(j) = 6849*j + 34471. Calculate v(-5).
226
Let l(i) = i**2 - 1909*i + 826686. Give l(664).
6
Let z(v) = -4*v**2 - 868*v + 11004. Calculate z(-229).
12
Let j(l) = -1661*l + 29921. Determine j(18).
23
Let c(a) = -a**2 + 4106*a + 78458. What is c(-19)?
83
Let y(c) = -741*c - 5321. What is y(-6)?
-875
Let b(j) = 3283*j**2 - 121473*j - 44. Calculate b(37).
-118
Let p(z) = -z**3 + 1801*z**2 + 5244*z - 494. Calculate p(-3).
10
Let h(s) = -124*s**2 + 4607*s - 26. Calculate h(37).
677
Let c(l) = l**3 + 19*l**2 - 49*l - 691. Calculate c(-22).
-1065
Let y(x) = -31*x**2 - 315*x - 948. Give y(-6).
-174
Let f(r) = -317776*r + 635486. Give f(2).
-66
Let s(n) = -n**3 - 88*n**2 - 367*n + 1031. What is s(-7)?
-369
Let t(q) = -4*q**2 + 11864*q - 142575. Give t(12).
-783
Let y(o) = -77*o**3 - 10*o**2 + 188*o + 193. Give y(-1).
72
Let f(q) = -q**3 + 262*q**2 - 1611*q + 862688. Calculate f(268).
-4
Let u(c) = 3*c**2 - 15*c + 310. What is u(12)?
562
Let r(h) = -h**3 - 59*h**2 + 394*h + 5206. Give r(-64).
470
Let r(z) = -z**3 - 30*z**2 + 892*z + 26699. Give r(-29).
-10
Let v(n) = -n**3 + 2144*n**2 - 1095812*n - 14336. Calculate v(1303).
-3
Let h(c) = 16*c**3 + 169*c**2 + 143*c + 526. What is h(-10)?
-4
Let p(z) = 2*z**2 - 256*z + 8147. Determine p(70).
27
Let h(c) = 165*c**3 + 40*c**2 + 2. What is h(2)?
1482
Let b(c) = -24756*c - 1262543. Give b(-51).
13
Let f(n) = -2*n**2 + 192*n + 22249. Give f(-68).
-55
Let n(d) = -d**3 + 55*d**2 - 12*d + 678. Determine n(55).
18
Let p(n) = 387*n**2 + 196977*n - 3051. Calculate p(-509).
3
Let n(l) = -28766*l - 1007170. Give n(-35).
-360
Let z(m) = -9*m**3 - 27*m**2 + 132*m - 122. Calculate z(-6).
58
Let j(l) = -l**3 + 151*l**2 + 761*l + 5. Calculate j(-5).
100
Let d(l) = -57813*l + 115626. Calculate d(2).
0
Let f(x) = x**3 - 28*x**2 - 190*x + 557. Determine f(33).
-268
Let k(x) = 93*x**2 - 1576*x - 1. Determine k(2).
-2781
Let q(u) = 42186*u - 169084. Determine q(4).
-340
Let b(i) = -1294*i + 54258. Give b(42).
-90
Let j(s) = -266*s - 4957. Calculate j(-19).
97
Let k(s) = 5*s**2 + 56*s + 125. Give k(-24).
1661
Let x(n) = -2*n**2 - 2832*n - 241145. What is x(-1325)?
5
Let r(v) = -73*v - 1663. What is r(-18)?
-349
Let y(o) = 26*o**2 - 21127*o + 75229. What is y(809)?
-8
Let f(c) = -13*c**2 + 584*c - 61. Calculate f(45).
-106
Let h(z) = -z**3 - 49*z**2 + 88*z + 755. Give h(-51).
1469
Let k(y) = 28*y**2 - 574*y - 227648. Calculate k(101).
6
Let h(b) = -580*b + 31264. What is h(55)?
-636
Let v(o) = -17*o**2 - 72*o + 593. What is v(10)?
-1827
Let u(s) = 2*s**3 - 6*s**2 + 22*s + 117. Determine u(0).
117
Let t(p) = -890*p + 395204. Give t(444).
44
Let v(s) = -6*s**2 + 1249*s + 15641. Calculate v(220).
21
Let y(p) = 36*p**3 - p**2 + 153*p + 450. What is y(-3)?
-990
Let i(b) = -b**2 - 1079*b - 168907. What is i(-889)?
3
Let k(f) = 10*f**2 + 51705*f - 103441. Calculate k(2).
9
Let b(q) = -144019*q - 7777019. Give b(-54).
7
Let z(w) = 2*w**3 - 7*w**2 - 7*w - 226. What is z(-9)?
-2188
Let z(a) = 1649*a**2 - 192921*a - 1354. What is z(117)?
50
Let k(j) = j**3 - 9*j**2 + 18*j + 1. Calculate k(4).
-7
Let k(b) = -2*b**3 - b**2 + 179*b - 900. Calculate k(5).
-280
Let w(s) = -6*s**3 + 7*s**2 - 17*s - 33. What is w(7)?
-1867
Let t(u) = -47*u**3 - u**2 - 75*u - 74. Calculate t(-1).
47
Let i(q) = -146*q**2 + 245*q + 12. Give i(-3).
-2037
Let w(m) = -2794*m**3 + 41910*m**2 + m. Calculate w(15).
15
Let j(c) = 49239*c - 2708147. Give j(55).
-2
Let v(t) = -4*t**3 - 84*t**2 - 464*t - 268. Give v(-11).
-4
Let a(q) = -46*q**2 - 48*q + 185. What is a(4)?
-743
Let r(v) = 3498*v - 1045857. Determine r(299).
45
Let u(t) = -t**3 - 2*t**2 + 106*t - 118. Determine u(9).
-55
Let w(d) = -d**2 - 41844*d + 167363. Give w(4).
-29
Let w(a) = -2*a**3 + 28*a**2 - 687*a + 10746. Calculate w(15).
-9
Let z(b) = -2632*b + 368487. What is z(140)?
7
Let m(j) = -2054*j + 36954. Determine m(18).
-18
Let x(s) = 210617*s + 421228. Give x(-2).
-6
Let g(s) = s**3 - 1289*s**2 + 3876*s - 59. Determine g(3).
-5
Let s(a) = 383707*a + 383756. Determine s(-1).
49
Let r(l) = -l**2 - 105*l - 2477. Determine r(-56).
267
Let d(j) = -13*j**2 + 2890*j - 827. Give d(222).
61
Let p(h) = 3*h**3 - 72*h**2 + 57*h - 87. Determine p(23).
-363
Let v(c) = -128132*c + 1152951. What is v(9)?
-237
Let b(u) = 2*u**2 - 77*u - 11419. Determine b(-70).
3771
Let s(a) = -985*a - 110272. Calculate s(-112).
48
Let y(i) = -i**2 - 1004*i - 154654. Calculate y(-190).
6
Let c(u) = 10984*u + 142820. Determine c(-13).
28
Let n(z) = -3*z**2 + 269*z - 1469. Give n(6).
37
Let u(i) = 2*i**2 + 14853*i - 1322571. Determine u(88).
-19
Let c(v) = -72*v**3 + 2092*v**2 - 109*v - 68. What is c(29)?
135
Let p(x) = 7*x**3 - 103*x**2 + 165*x - 162. Give p(13).
-45
Let n(h) = h**2 - 569*h + 23112. What is n(525)?
12
Let y(r) = -4123*r - 817. Determine y(0).
-817
Let b(q) = 2*q**2 + 64*q - 8832. Calculate b(61).
2514
Let s(d) = -103*d - 4221. Give s(-41).
2
Let f(u) = -u**3 + 20*u**2 - 60*u + 237. Calculate f(15).
462
Let z(g) = -4697*g + 37885. What is z(8)?
309
Let w(t) = -t**3 - 157*t**2 - 6130*t + 209. Determine w(-73).
63
Let y(m) = -24242*m - 169703. Give y(-7).
-9
Let q(l) = -l**2 - 514*l + 44678. What is q(80)?
-2842
Let v(s) = 364*s - 117394. Give v(323).
178
Let k(o) = -4*o**3 + 22*o**2 + 39*o - 296. Calculate k(10).
-1706
Let h(p) = p**3 + 5*p**2 - 279*p - 204. Determine h(-19).
43
Let f(y) = -658*y + 7082. Give f(15).
-2788
Let y(t) = -37*t**3 + 178*t**2 + 555*t + 2. Determine y(-3).
938
Let x(t) = 196*t + 3008. Give x(-18).
-520
Let r(c) = 2*c**2 + 278*c - 11156. Determine r(33).
196
Let j(v) = 173*v + 35876. Determine j(-207).
65
Let t(f) = -4*f**2 - 1104*f + 96907. Determine t(-346).
27
Let k(d) = -3*d**3 + 39*d**2 - 3203*d + 45295. Determine k(14).
-135
Let x(y) = -31278*y + 124828. Determine x(4).
-284
Let f(v) = -2*v**3 + 21*v**2 + 2493*v - 27539. Give f(11).
-237
Let h(u) = -6960*u - 55675. Give h(-8).
5
Let t(k) = 13*k**3 - 106*k**2 + 25*k - 22. Give t(9).
1094
Let h(k) = 26*k**3 - 3*k**2 + 157*k - 454. Calculate h(3).
692
Let f(g) = -1024*g - 58515. Determine f(-57).
-147
Let o(v) = 11637*v + 46501. Determine o(-4).
-47
Let n(h) = -3509*h + 83368. Calculate n(23).
2661
Let o(h) = -228837*h + 2059515. Determine o(9).
-18
Let n(w) = -918*w + 5718. Determine n(7).
-708
Let s(k) = 2828*k - 526019. What